{"id":192,"date":"2025-11-10T15:12:32","date_gmt":"2025-11-10T14:12:32","guid":{"rendered":"https:\/\/audreyceramique.fr\/?page_id=192"},"modified":"2025-12-15T22:43:41","modified_gmt":"2025-12-15T21:43:41","slug":"coursstages","status":"publish","type":"page","link":"https:\/\/audreyceramique.fr\/?page_id=192","title":{"rendered":"Cours&amp;Stages"},"content":{"rendered":"\n<figure class=\"wp-block-gallery has-nested-images columns-4 is-cropped wp-block-gallery-1 is-layout-flex wp-block-gallery-is-layout-flex\">\n<figure class=\"wp-block-image size-large\"><img loading=\"lazy\" decoding=\"async\" width=\"768\" height=\"1024\" data-id=\"222\" src=\"https:\/\/audreyceramique.fr\/wp-content\/uploads\/2025\/12\/IMG_20251108_175518073_MFNR-768x1024.jpg\" alt=\"\" class=\"wp-image-222\" srcset=\"https:\/\/audreyceramique.fr\/wp-content\/uploads\/2025\/12\/IMG_20251108_175518073_MFNR-768x1024.jpg 768w, https:\/\/audreyceramique.fr\/wp-content\/uploads\/2025\/12\/IMG_20251108_175518073_MFNR-225x300.jpg 225w, https:\/\/audreyceramique.fr\/wp-content\/uploads\/2025\/12\/IMG_20251108_175518073_MFNR-1152x1536.jpg 1152w, https:\/\/audreyceramique.fr\/wp-content\/uploads\/2025\/12\/IMG_20251108_175518073_MFNR-1536x2048.jpg 1536w, https:\/\/audreyceramique.fr\/wp-content\/uploads\/2025\/12\/IMG_20251108_175518073_MFNR-scaled.jpg 1920w\" sizes=\"auto, (max-width: 768px) 100vw, 768px\" \/><\/figure>\n\n\n\n<figure class=\"wp-block-image size-large\"><img loading=\"lazy\" decoding=\"async\" width=\"1024\" height=\"768\" data-id=\"224\" src=\"https:\/\/audreyceramique.fr\/wp-content\/uploads\/2025\/12\/IMG_20250918_162536743_MFNR-1024x768.jpg\" alt=\"\" class=\"wp-image-224\" srcset=\"https:\/\/audreyceramique.fr\/wp-content\/uploads\/2025\/12\/IMG_20250918_162536743_MFNR-1024x768.jpg 1024w, https:\/\/audreyceramique.fr\/wp-content\/uploads\/2025\/12\/IMG_20250918_162536743_MFNR-300x225.jpg 300w, https:\/\/audreyceramique.fr\/wp-content\/uploads\/2025\/12\/IMG_20250918_162536743_MFNR-768x576.jpg 768w, https:\/\/audreyceramique.fr\/wp-content\/uploads\/2025\/12\/IMG_20250918_162536743_MFNR-1536x1152.jpg 1536w, https:\/\/audreyceramique.fr\/wp-content\/uploads\/2025\/12\/IMG_20250918_162536743_MFNR-2048x1536.jpg 2048w\" sizes=\"auto, (max-width: 1024px) 100vw, 1024px\" \/><\/figure>\n\n\n\n<figure class=\"wp-block-image size-large\"><img loading=\"lazy\" decoding=\"async\" width=\"1024\" height=\"768\" data-id=\"223\" src=\"https:\/\/audreyceramique.fr\/wp-content\/uploads\/2025\/12\/IMG_20250918_162650128_MFNR-1024x768.jpg\" alt=\"\" class=\"wp-image-223\" srcset=\"https:\/\/audreyceramique.fr\/wp-content\/uploads\/2025\/12\/IMG_20250918_162650128_MFNR-1024x768.jpg 1024w, https:\/\/audreyceramique.fr\/wp-content\/uploads\/2025\/12\/IMG_20250918_162650128_MFNR-300x225.jpg 300w, https:\/\/audreyceramique.fr\/wp-content\/uploads\/2025\/12\/IMG_20250918_162650128_MFNR-768x576.jpg 768w, https:\/\/audreyceramique.fr\/wp-content\/uploads\/2025\/12\/IMG_20250918_162650128_MFNR-1536x1152.jpg 1536w, https:\/\/audreyceramique.fr\/wp-content\/uploads\/2025\/12\/IMG_20250918_162650128_MFNR-2048x1536.jpg 2048w\" sizes=\"auto, (max-width: 1024px) 100vw, 1024px\" \/><\/figure>\n\n\n\n<figure class=\"wp-block-image size-large\"><img loading=\"lazy\" decoding=\"async\" width=\"1024\" height=\"768\" data-id=\"221\" src=\"https:\/\/audreyceramique.fr\/wp-content\/uploads\/2025\/12\/IMG_20251120_190211908-1024x768.jpg\" alt=\"\" class=\"wp-image-221\" srcset=\"https:\/\/audreyceramique.fr\/wp-content\/uploads\/2025\/12\/IMG_20251120_190211908-1024x768.jpg 1024w, https:\/\/audreyceramique.fr\/wp-content\/uploads\/2025\/12\/IMG_20251120_190211908-300x225.jpg 300w, https:\/\/audreyceramique.fr\/wp-content\/uploads\/2025\/12\/IMG_20251120_190211908-768x576.jpg 768w, https:\/\/audreyceramique.fr\/wp-content\/uploads\/2025\/12\/IMG_20251120_190211908-1536x1152.jpg 1536w, https:\/\/audreyceramique.fr\/wp-content\/uploads\/2025\/12\/IMG_20251120_190211908-2048x1536.jpg 2048w\" sizes=\"auto, (max-width: 1024px) 100vw, 1024px\" \/><\/figure>\n<\/figure>\n\n\n\n<p>Mon atelier est situ\u00e9 au sein du Labo&amp;Cie (lieu d&rsquo;Arts et de Creations) \u00e0 Sarlat.<\/p>\n\n\n\n<p>Je te propose de d\u00e9couvrir le plaisir du modelage et du travail de la terre. Que tu souhaites t\u2019initier en douceur ou approfondir ta pratique, tu trouveras un espace o\u00f9 cr\u00e9er \u00e0 ton rythme.<\/p>\n\n\n\n<p>Chaque s\u00e9ance est pens\u00e9e comme un moment de d\u00e9connexion. Tu mets les mains dans la terre, tu explores les formes, tu testes, tu ajustes. La technique vient petit \u00e0 petit, sans pression. Je t\u2019accompagne pas \u00e0 pas, quel que soit ton niveau.<\/p>\n\n\n\n<p>L\u2019objectif reste simple: offrir un temps pour soi, cr\u00e9atif, vivant, et nourrissant.<\/p>\n\n\n\n<figure class=\"wp-block-image size-large\"><img loading=\"lazy\" decoding=\"async\" width=\"724\" height=\"1024\" src=\"https:\/\/audreyceramique.fr\/wp-content\/uploads\/2025\/11\/ATELIER-POTERIE-LABOCie-2025-724x1024.png\" alt=\"\" class=\"wp-image-193\" srcset=\"https:\/\/audreyceramique.fr\/wp-content\/uploads\/2025\/11\/ATELIER-POTERIE-LABOCie-2025-724x1024.png 724w, https:\/\/audreyceramique.fr\/wp-content\/uploads\/2025\/11\/ATELIER-POTERIE-LABOCie-2025-212x300.png 212w, https:\/\/audreyceramique.fr\/wp-content\/uploads\/2025\/11\/ATELIER-POTERIE-LABOCie-2025-768x1086.png 768w, https:\/\/audreyceramique.fr\/wp-content\/uploads\/2025\/11\/ATELIER-POTERIE-LABOCie-2025-1086x1536.png 1086w, https:\/\/audreyceramique.fr\/wp-content\/uploads\/2025\/11\/ATELIER-POTERIE-LABOCie-2025-1448x2048.png 1448w, https:\/\/audreyceramique.fr\/wp-content\/uploads\/2025\/11\/ATELIER-POTERIE-LABOCie-2025-scaled.png 1810w\" sizes=\"auto, (max-width: 724px) 100vw, 724px\" \/><\/figure>\n\n\n\n<p class=\"has-medium-font-size\">Diff\u00e9rentes formules sont possibles, des cours hebdomadaires r\u00e9guliers ou des ateliers \u00ab\u00a0d\u00e9couverte\u00a0\u00bb ponctuels<\/p>\n\n\n\n<ul class=\"wp-block-list\">\n<li><strong>Cours hebdomadaires Adulte<\/strong><\/li>\n<\/ul>\n\n\n\n<p class=\"has-small-font-size\">Modelage et \u00e9maillage &#8211; 2h30 &#8211; 25 euros la s\u00e9ance par carte de 4 ou de 10<\/p>\n\n\n\n<p class=\"has-small-font-size\">Mardi 19h-21h30 et Jeudi 9h30-12h\/17h-19h30<\/p>\n\n\n\n<p><\/p>\n\n\n\n<ul class=\"wp-block-list\">\n<li>Cours hebdomadaires Enfant-Ado (\u00e0 partir 10 ans)<\/li>\n<\/ul>\n\n\n\n<p class=\"has-small-font-size\">Modelage et d\u00e9cor &#8211; 2h &#8211; 20 euros la seance par carte de 4 ou de 10<\/p>\n\n\n\n<p class=\"has-small-font-size\">Mercredi 16h-18h<\/p>\n\n\n\n<p><\/p>\n\n\n\n<ul class=\"wp-block-list\">\n<li>Ateliers D\u00e9couverte (horaires d\u00e9finis sur r\u00e9servation)<\/li>\n<\/ul>\n\n\n\n<p class=\"has-small-font-size\">~ Initiation au modelage &#8211; 3h &#8211; 45 euros la s\u00e9ance<\/p>\n\n\n\n<p class=\"has-small-font-size\">~ Parent\/Enfant (\u00e0 partir de 6 ans) &#8211; 1h30 &#8211; 30 euros par duo<\/p>\n\n\n\n<p class=\"has-small-font-size\">~ Ap\u00e9ro C\u00e9ramique &#8211; Modelage et ap\u00e9ro dinatoire &#8211; 2h30 &#8211; 50 euros par personne (min 3 personnes)<\/p>\n","protected":false},"excerpt":{"rendered":"<p>Mon atelier est situ\u00e9 au sein du Labo&amp;Cie (lieu d&rsquo;Arts et de Creations) \u00e0 Sarlat. Je te propose de d\u00e9couvrir le plaisir du modelage et du travail de la terre. Que tu souhaites t\u2019initier en douceur ou approfondir ta pratique, tu trouveras un espace o\u00f9 cr\u00e9er \u00e0 ton rythme. Chaque s\u00e9ance est pens\u00e9e comme un [&hellip;]<\/p>\n","protected":false},"author":2,"featured_media":0,"parent":0,"menu_order":0,"comment_status":"closed","ping_status":"closed","template":"","meta":{"footnotes":""},"class_list":["post-192","page","type-page","status-publish","hentry"],"_links":{"self":[{"href":"https:\/\/audreyceramique.fr\/index.php?rest_route=\/wp\/v2\/pages\/192","targetHints":{"allow":["GET"]}}],"collection":[{"href":"https:\/\/audreyceramique.fr\/index.php?rest_route=\/wp\/v2\/pages"}],"about":[{"href":"https:\/\/audreyceramique.fr\/index.php?rest_route=\/wp\/v2\/types\/page"}],"author":[{"embeddable":true,"href":"https:\/\/audreyceramique.fr\/index.php?rest_route=\/wp\/v2\/users\/2"}],"replies":[{"embeddable":true,"href":"https:\/\/audreyceramique.fr\/index.php?rest_route=%2Fwp%2Fv2%2Fcomments&post=192"}],"version-history":[{"count":5,"href":"https:\/\/audreyceramique.fr\/index.php?rest_route=\/wp\/v2\/pages\/192\/revisions"}],"predecessor-version":[{"id":225,"href":"https:\/\/audreyceramique.fr\/index.php?rest_route=\/wp\/v2\/pages\/192\/revisions\/225"}],"wp:attachment":[{"href":"https:\/\/audreyceramique.fr\/index.php?rest_route=%2Fwp%2Fv2%2Fmedia&parent=192"}],"curies":[{"name":"wp","href":"https:\/\/api.w.org\/{rel}","templated":true}]}}

<figure class="wp-block-gallery has-nested-images columns-4 is-cropped wp-block-gallery-1 is-layout-flex wp-block-gallery-is-layout-flex">
<figure class="wp-block-image size-large"><img loading="lazy" decoding="async" width="768" height="1024" data-id="222" src="https://audreyceramique.fr/wp-content/uploads/2025/12/IMG_20251108_175518073_MFNR-768x1024.jpg" alt="" class="wp-image-222" srcset="https://audreyceramique.fr/wp-content/uploads/2025/12/IMG_20251108_175518073_MFNR-768x1024.jpg 768w, https://audreyceramique.fr/wp-content/uploads/2025/12/IMG_20251108_175518073_MFNR-225x300.jpg 225w, https://audreyceramique.fr/wp-content/uploads/2025/12/IMG_20251108_175518073_MFNR-1152x1536.jpg 1152w, https://audreyceramique.fr/wp-content/uploads/2025/12/IMG_20251108_175518073_MFNR-1536x2048.jpg 1536w, https://audreyceramique.fr/wp-content/uploads/2025/12/IMG_20251108_175518073_MFNR-scaled.jpg 1920w" sizes="auto, (max-width: 768px) 100vw, 768px" /></figure>



<figure class="wp-block-image size-large"><img loading="lazy" decoding="async" width="1024" height="768" data-id="224" src="https://audreyceramique.fr/wp-content/uploads/2025/12/IMG_20250918_162536743_MFNR-1024x768.jpg" alt="" class="wp-image-224" srcset="https://audreyceramique.fr/wp-content/uploads/2025/12/IMG_20250918_162536743_MFNR-1024x768.jpg 1024w, https://audreyceramique.fr/wp-content/uploads/2025/12/IMG_20250918_162536743_MFNR-300x225.jpg 300w, https://audreyceramique.fr/wp-content/uploads/2025/12/IMG_20250918_162536743_MFNR-768x576.jpg 768w, https://audreyceramique.fr/wp-content/uploads/2025/12/IMG_20250918_162536743_MFNR-1536x1152.jpg 1536w, https://audreyceramique.fr/wp-content/uploads/2025/12/IMG_20250918_162536743_MFNR-2048x1536.jpg 2048w" sizes="auto, (max-width: 1024px) 100vw, 1024px" /></figure>



<figure class="wp-block-image size-large"><img loading="lazy" decoding="async" width="1024" height="768" data-id="223" src="https://audreyceramique.fr/wp-content/uploads/2025/12/IMG_20250918_162650128_MFNR-1024x768.jpg" alt="" class="wp-image-223" srcset="https://audreyceramique.fr/wp-content/uploads/2025/12/IMG_20250918_162650128_MFNR-1024x768.jpg 1024w, https://audreyceramique.fr/wp-content/uploads/2025/12/IMG_20250918_162650128_MFNR-300x225.jpg 300w, https://audreyceramique.fr/wp-content/uploads/2025/12/IMG_20250918_162650128_MFNR-768x576.jpg 768w, https://audreyceramique.fr/wp-content/uploads/2025/12/IMG_20250918_162650128_MFNR-1536x1152.jpg 1536w, https://audreyceramique.fr/wp-content/uploads/2025/12/IMG_20250918_162650128_MFNR-2048x1536.jpg 2048w" sizes="auto, (max-width: 1024px) 100vw, 1024px" /></figure>



<figure class="wp-block-image size-large"><img loading="lazy" decoding="async" width="1024" height="768" data-id="221" src="https://audreyceramique.fr/wp-content/uploads/2025/12/IMG_20251120_190211908-1024x768.jpg" alt="" class="wp-image-221" srcset="https://audreyceramique.fr/wp-content/uploads/2025/12/IMG_20251120_190211908-1024x768.jpg 1024w, https://audreyceramique.fr/wp-content/uploads/2025/12/IMG_20251120_190211908-300x225.jpg 300w, https://audreyceramique.fr/wp-content/uploads/2025/12/IMG_20251120_190211908-768x576.jpg 768w, https://audreyceramique.fr/wp-content/uploads/2025/12/IMG_20251120_190211908-1536x1152.jpg 1536w, https://audreyceramique.fr/wp-content/uploads/2025/12/IMG_20251120_190211908-2048x1536.jpg 2048w" sizes="auto, (max-width: 1024px) 100vw, 1024px" /></figure>
</figure>



<p>Mon atelier est situé au sein du Labo&amp;Cie (lieu d&rsquo;Arts et de Creations) à Sarlat.</p>



<p>Je te propose de découvrir le plaisir du modelage et du travail de la terre. Que tu souhaites t’initier en douceur ou approfondir ta pratique, tu trouveras un espace où créer à ton rythme.</p>



<p>Chaque séance est pensée comme un moment de déconnexion. Tu mets les mains dans la terre, tu explores les formes, tu testes, tu ajustes. La technique vient petit à petit, sans pression. Je t’accompagne pas à pas, quel que soit ton niveau.</p>



<p>L’objectif reste simple: offrir un temps pour soi, créatif, vivant, et nourrissant.</p>



<figure class="wp-block-image size-large"><img loading="lazy" decoding="async" width="724" height="1024" src="https://audreyceramique.fr/wp-content/uploads/2025/11/ATELIER-POTERIE-LABOCie-2025-724x1024.png" alt="" class="wp-image-193" srcset="https://audreyceramique.fr/wp-content/uploads/2025/11/ATELIER-POTERIE-LABOCie-2025-724x1024.png 724w, https://audreyceramique.fr/wp-content/uploads/2025/11/ATELIER-POTERIE-LABOCie-2025-212x300.png 212w, https://audreyceramique.fr/wp-content/uploads/2025/11/ATELIER-POTERIE-LABOCie-2025-768x1086.png 768w, https://audreyceramique.fr/wp-content/uploads/2025/11/ATELIER-POTERIE-LABOCie-2025-1086x1536.png 1086w, https://audreyceramique.fr/wp-content/uploads/2025/11/ATELIER-POTERIE-LABOCie-2025-1448x2048.png 1448w, https://audreyceramique.fr/wp-content/uploads/2025/11/ATELIER-POTERIE-LABOCie-2025-scaled.png 1810w" sizes="auto, (max-width: 724px) 100vw, 724px" /></figure>



<p class="has-medium-font-size">Différentes formules sont possibles, des cours hebdomadaires réguliers ou des ateliers « découverte » ponctuels</p>



<ul class="wp-block-list">
<li><strong>Cours hebdomadaires Adulte</strong></li>
</ul>



<p class="has-small-font-size">Modelage et émaillage &#8211; 2h30 &#8211; 25 euros la séance par carte de 4 ou de 10</p>



<p class="has-small-font-size">Mardi 19h-21h30 et Jeudi 9h30-12h/17h-19h30</p>



<p></p>



<ul class="wp-block-list">
<li>Cours hebdomadaires Enfant-Ado (à partir 10 ans)</li>
</ul>



<p class="has-small-font-size">Modelage et décor &#8211; 2h &#8211; 20 euros la seance par carte de 4 ou de 10</p>



<p class="has-small-font-size">Mercredi 16h-18h</p>



<p></p>



<ul class="wp-block-list">
<li>Ateliers Découverte (horaires définis sur réservation)</li>
</ul>



<p class="has-small-font-size">~ Initiation au modelage &#8211; 3h &#8211; 45 euros la séance</p>



<p class="has-small-font-size">~ Parent/Enfant (à partir de 6 ans) &#8211; 1h30 &#8211; 30 euros par duo</p>



<p class="has-small-font-size">~ Apéro Céramique &#8211; Modelage et apéro dinatoire &#8211; 2h30 &#8211; 50 euros par personne (min 3 personnes)</p>

<p>Mon atelier est situé au sein du Labo&amp;Cie (lieu d&rsquo;Arts et de Creations) à Sarlat. Je te propose de découvrir le plaisir du modelage et du travail de la terre. Que tu souhaites t’initier en douceur ou approfondir ta pratique, tu trouveras un espace où créer à ton rythme. Chaque séance est pensée comme un [&hellip;]</p>
